{"id":276,"date":"2020-04-29T09:31:14","date_gmt":"2020-04-29T07:31:14","guid":{"rendered":"http:\/\/am-paysage59.fr\/?page_id=276"},"modified":"2020-05-02T09:12:59","modified_gmt":"2020-05-02T07:12:59","slug":"abri-carport","status":"publish","type":"page","link":"https:\/\/am-paysage59.fr\/index.php\/abri-carport\/","title":{"rendered":"abri &#038; carport"},"content":{"rendered":"\t\t<div data-elementor-type=\"wp-page\" data-elementor-id=\"276\" class=\"elementor elementor-276\" data-elementor-post-type=\"page\">\n\t\t\t\t\t\t<section class=\"elementor-section elementor-top-section elementor-element elementor-element-2e5b8e14 elementor-section-height-min-height elementor-section-boxed elementor-section-height-default elementor-section-items-middle\" data-id=\"2e5b8e14\" data-element_type=\"section\" data-e-type=\"section\" data-settings=\"{&quot;background_background&quot;:&quot;classic&quot;}\">\n\t\t\t\t\t\t\t<div class=\"elementor-background-overlay\"><\/div>\n\t\t\t\t\t\t\t<div class=\"elementor-container elementor-column-gap-default\">\n\t\t\t\t\t<div class=\"elementor-column elementor-col-100 elementor-top-column elementor-element elementor-element-237a6d96\" data-id=\"237a6d96\" data-element_type=\"column\" data-e-type=\"column\">\n\t\t\t<div class=\"elementor-widget-wrap elementor-element-populated\">\n\t\t\t\t\t\t<div class=\"elementor-element elementor-element-4139fb7f elementor-widget elementor-widget-heading\" data-id=\"4139fb7f\" data-element_type=\"widget\" data-e-type=\"widget\" data-widget_type=\"heading.default\">\n\t\t\t\t<div class=\"elementor-widget-container\">\n\t\t\t\t\t<h2 class=\"elementor-heading-title elementor-size-default\">abri &amp; carport<\/h2>\t\t\t\t<\/div>\n\t\t\t\t<\/div>\n\t\t\t\t<div class=\"elementor-element elementor-element-271e0507 elementor-widget elementor-widget-heading\" data-id=\"271e0507\" data-element_type=\"widget\" data-e-type=\"widget\" data-widget_type=\"heading.default\">\n\t\t\t\t<div class=\"elementor-widget-container\">\n\t\t\t\t\t<h2 class=\"elementor-heading-title elementor-size-default\">Prot\u00e9ger, mettre \u00e0 l'abri ou en valeur : la cr\u00e9ation de votre abri ou de votre carport est unique et sur mesure. AM Paysage vous propose un \u00e9ventail de mat\u00e9riaux diff\u00e9rents pour correspondre \u00e0 vos go\u00fbts en mati\u00e8re de d\u00e9coration mais aussi pour respecter le style de votre habitation. Il n'a jamais \u00e9t\u00e9 aussi facile de donner du cachet \u00e0 votre maison en faisant am\u00e9nager votre ext\u00e9rieur par un professionnel paysager !<\/h2>\t\t\t\t<\/div>\n\t\t\t\t<\/div>\n\t\t\t\t\t<\/div>\n\t\t<\/div>\n\t\t\t\t\t<\/div>\n\t\t<\/section>\n\t\t\t\t<section class=\"elementor-section elementor-top-section elementor-element elementor-element-501475a7 elementor-section-height-min-height elementor-section-full_width elementor-section-height-default elementor-section-items-middle\" data-id=\"501475a7\" data-element_type=\"section\" data-e-type=\"section\" data-settings=\"{&quot;background_background&quot;:&quot;classic&quot;}\">\n\t\t\t\t\t\t<div class=\"elementor-container elementor-column-gap-no\">\n\t\t\t\t\t<div class=\"elementor-column elementor-col-100 elementor-top-column elementor-element elementor-element-65830ffa\" data-id=\"65830ffa\" data-element_type=\"column\" data-e-type=\"column\">\n\t\t\t<div class=\"elementor-widget-wrap elementor-element-populated\">\n\t\t\t\t\t\t<div class=\"elementor-element elementor-element-75da2ca0 elementor-widget elementor-widget-heading\" data-id=\"75da2ca0\" data-element_type=\"widget\" data-e-type=\"widget\" data-widget_type=\"heading.default\">\n\t\t\t\t<div class=\"elementor-widget-container\">\n\t\t\t\t\t<h2 class=\"elementor-heading-title elementor-size-default\">nos r\u00e9alisations<\/h2>\t\t\t\t<\/div>\n\t\t\t\t<\/div>\n\t\t\t\t<div class=\"elementor-element elementor-element-3a0c6da2 elementor-skin-carousel elementor-arrows-yes elementor-pagination-type-bullets elementor-pagination-position-outside elementor-widget elementor-widget-media-carousel\" data-id=\"3a0c6da2\" data-element_type=\"widget\" data-e-type=\"widget\" data-settings=\"{&quot;skin&quot;:&quot;carousel&quot;,&quot;effect&quot;:&quot;slide&quot;,&quot;show_arrows&quot;:&quot;yes&quot;,&quot;pagination&quot;:&quot;bullets&quot;,&quot;speed&quot;:500,&quot;autoplay&quot;:&quot;yes&quot;,&quot;autoplay_speed&quot;:5000,&quot;loop&quot;:&quot;yes&quot;,&quot;pause_on_hover&quot;:&quot;yes&quot;,&quot;pause_on_interaction&quot;:&quot;yes&quot;,&quot;space_between&quot;:{&quot;unit&quot;:&quot;px&quot;,&quot;size&quot;:10,&quot;sizes&quot;:[]},&quot;space_between_tablet&quot;:{&quot;unit&quot;:&quot;px&quot;,&quot;size&quot;:10,&quot;sizes&quot;:[]},&quot;space_between_mobile&quot;:{&quot;unit&quot;:&quot;px&quot;,&quot;size&quot;:10,&quot;sizes&quot;:[]}}\" data-widget_type=\"media-carousel.default\">\n\t\t\t\t<div class=\"elementor-widget-container\">\n\t\t\t\t\t\t\t\t\t<div class=\"elementor-swiper\">\n\t\t\t\t\t<div class=\"elementor-main-swiper swiper\" role=\"region\" aria-roledescription=\"carousel\" aria-label=\"Diapositives\">\n\t\t\t\t<div class=\"swiper-wrapper\">\n\t\t\t\t\t\t\t\t\t\t\t<div class=\"swiper-slide\" role=\"group\" aria-roledescription=\"slide\">\n\t\t\t\t\t\t\t\t\t<div class=\"elementor-carousel-image\" role=\"img\" aria-label=\"abri et carport AM Paysage Capelle en P\u00e9v\u00e8le 59242\" style=\"background-image: url(&#039;https:\/\/am-paysage59.fr\/wp-content\/uploads\/2020\/04\/2017-08-14-17.07.34-scaled.jpg&#039;)\">\n\n\t\t\t\n\t\t\t\t\t<\/div>\n\t\t\t\t\t\t\t\t<\/div>\n\t\t\t\t\t\t\t\t\t\t\t<div class=\"swiper-slide\" role=\"group\" aria-roledescription=\"slide\">\n\t\t\t\t\t\t\t\t\t<div class=\"elementor-carousel-image\" role=\"img\" aria-label=\"abri et carport AM Paysage Capelle en P\u00e9v\u00e8le 59242\" style=\"background-image: url(&#039;https:\/\/am-paysage59.fr\/wp-content\/uploads\/2020\/04\/IMG_1048-scaled.jpg&#039;)\">\n\n\t\t\t\n\t\t\t\t\t<\/div>\n\t\t\t\t\t\t\t\t<\/div>\n\t\t\t\t\t\t\t\t\t\t\t<div class=\"swiper-slide\" role=\"group\" aria-roledescription=\"slide\">\n\t\t\t\t\t\t\t\t\t<div class=\"elementor-carousel-image\" role=\"img\" aria-label=\"abri et carport AM Paysage Capelle en P\u00e9v\u00e8le 59242\" style=\"background-image: url(&#039;https:\/\/am-paysage59.fr\/wp-content\/uploads\/2020\/04\/IMG_1085-scaled.jpg&#039;)\">\n\n\t\t\t\n\t\t\t\t\t<\/div>\n\t\t\t\t\t\t\t\t<\/div>\n\t\t\t\t\t\t\t\t\t\t\t<div class=\"swiper-slide\" role=\"group\" aria-roledescription=\"slide\">\n\t\t\t\t\t\t\t\t\t<div class=\"elementor-carousel-image\" role=\"img\" aria-label=\"abri et carport AM Paysage Capelle en P\u00e9v\u00e8le 59242\" style=\"background-image: url(&#039;https:\/\/am-paysage59.fr\/wp-content\/uploads\/2020\/04\/IMG_1052-scaled.jpg&#039;)\">\n\n\t\t\t\n\t\t\t\t\t<\/div>\n\t\t\t\t\t\t\t\t<\/div>\n\t\t\t\t\t\t\t\t\t\t\t<div class=\"swiper-slide\" role=\"group\" aria-roledescription=\"slide\">\n\t\t\t\t\t\t\t\t\t<div class=\"elementor-carousel-image\" role=\"img\" aria-label=\"abri et carport AM Paysage Capelle en P\u00e9v\u00e8le 59242\" style=\"background-image: url(&#039;https:\/\/am-paysage59.fr\/wp-content\/uploads\/2020\/04\/IMG_0959-scaled.jpg&#039;)\">\n\n\t\t\t\n\t\t\t\t\t<\/div>\n\t\t\t\t\t\t\t\t<\/div>\n\t\t\t\t\t\t\t\t\t\t\t<div class=\"swiper-slide\" role=\"group\" aria-roledescription=\"slide\">\n\t\t\t\t\t\t\t\t\t<div class=\"elementor-carousel-image\" role=\"img\" aria-label=\"abri et carport AM Paysage Capelle en P\u00e9v\u00e8le 59242\" style=\"background-image: url(&#039;https:\/\/am-paysage59.fr\/wp-content\/uploads\/2020\/04\/IMG_0958-scaled.jpg&#039;)\">\n\n\t\t\t\n\t\t\t\t\t<\/div>\n\t\t\t\t\t\t\t\t<\/div>\n\t\t\t\t\t\t\t\t\t\t\t<div class=\"swiper-slide\" role=\"group\" aria-roledescription=\"slide\">\n\t\t\t\t\t\t\t\t\t<div class=\"elementor-carousel-image\" role=\"img\" aria-label=\"abri et carport AM Paysage Capelle en P\u00e9v\u00e8le 59242\" style=\"background-image: url(&#039;https:\/\/am-paysage59.fr\/wp-content\/uploads\/2020\/04\/IMG_0956-scaled.jpg&#039;)\">\n\n\t\t\t\n\t\t\t\t\t<\/div>\n\t\t\t\t\t\t\t\t<\/div>\n\t\t\t\t\t\t\t\t\t\t\t<div class=\"swiper-slide\" role=\"group\" aria-roledescription=\"slide\">\n\t\t\t\t\t\t\t\t\t<div class=\"elementor-carousel-image\" role=\"img\" aria-label=\"abri et carport AM Paysage Capelle en P\u00e9v\u00e8le 59242\" style=\"background-image: url(&#039;https:\/\/am-paysage59.fr\/wp-content\/uploads\/2020\/04\/IMG_0955-scaled.jpg&#039;)\">\n\n\t\t\t\n\t\t\t\t\t<\/div>\n\t\t\t\t\t\t\t\t<\/div>\n\t\t\t\t\t\t\t\t\t\t\t<div class=\"swiper-slide\" role=\"group\" aria-roledescription=\"slide\">\n\t\t\t\t\t\t\t\t\t<div class=\"elementor-carousel-image\" role=\"img\" aria-label=\"abri et carport AM Paysage Capelle en P\u00e9v\u00e8le 59242\" style=\"background-image: url(&#039;https:\/\/am-paysage59.fr\/wp-content\/uploads\/2020\/04\/DSCF4269-scaled.jpg&#039;)\">\n\n\t\t\t\n\t\t\t\t\t<\/div>\n\t\t\t\t\t\t\t\t<\/div>\n\t\t\t\t\t\t\t\t\t\t\t<div class=\"swiper-slide\" role=\"group\" aria-roledescription=\"slide\">\n\t\t\t\t\t\t\t\t\t<div class=\"elementor-carousel-image\" role=\"img\" aria-label=\"carport AM Paysage Capelle en P\u00e9v\u00e8le 59242\" style=\"background-image: url(&#039;https:\/\/am-paysage59.fr\/wp-content\/uploads\/2020\/04\/Resized_IMG_20170929_174517.jpg&#039;)\">\n\n\t\t\t\n\t\t\t\t\t<\/div>\n\t\t\t\t\t\t\t\t<\/div>\n\t\t\t\t\t\t\t\t\t\t\t<div class=\"swiper-slide\" role=\"group\" aria-roledescription=\"slide\">\n\t\t\t\t\t\t\t\t\t<div class=\"elementor-carousel-image\" role=\"img\" aria-label=\"carport AM Paysage Capelle en P\u00e9v\u00e8le 59242\" style=\"background-image: url(&#039;https:\/\/am-paysage59.fr\/wp-content\/uploads\/2020\/04\/Resized_IMG_20170609_191320.jpg&#039;)\">\n\n\t\t\t\n\t\t\t\t\t<\/div>\n\t\t\t\t\t\t\t\t<\/div>\n\t\t\t\t\t\t\t\t\t\t\t<div class=\"swiper-slide\" role=\"group\" aria-roledescription=\"slide\">\n\t\t\t\t\t\t\t\t\t<div class=\"elementor-carousel-image\" role=\"img\" aria-label=\"terrasse AM Paysage Capelle en P\u00e9v\u00e8le 59242\" style=\"background-image: url(&#039;https:\/\/am-paysage59.fr\/wp-content\/uploads\/2020\/04\/Resized_Screenshot_20200429-162654_Photos.jpg&#039;)\">\n\n\t\t\t\n\t\t\t\t\t<\/div>\n\t\t\t\t\t\t\t\t<\/div>\n\t\t\t\t\t\t\t\t\t<\/div>\n\t\t\t\t\t\t\t\t\t\t\t\t\t\t\t<div class=\"elementor-swiper-button elementor-swiper-button-prev\" role=\"button\" tabindex=\"0\" aria-label=\"Pr\u00e9c\u00e9dent\">\n\t\t\t\t\t\t\t<i aria-hidden=\"true\" class=\"eicon-chevron-left\"><\/i>\t\t\t\t\t\t<\/div>\n\t\t\t\t\t\t<div class=\"elementor-swiper-button elementor-swiper-button-next\" role=\"button\" tabindex=\"0\" aria-label=\"Suivant\">\n\t\t\t\t\t\t\t<i aria-hidden=\"true\" class=\"eicon-chevron-right\"><\/i>\t\t\t\t\t\t<\/div>\n\t\t\t\t\t\t\t\t\t\t\t\t\t\t\t\t<div class=\"swiper-pagination\"><\/div>\n\t\t\t\t\t\t\t\t\t\t\t\t<\/div>\n\t\t\t\t<\/div>\n\t\t\t\t\t\t\t\t<\/div>\n\t\t\t\t<\/div>\n\t\t\t\t\t<\/div>\n\t\t<\/div>\n\t\t\t\t\t<\/div>\n\t\t<\/section>\n\t\t\t\t<section class=\"elementor-section elementor-top-section elementor-element elementor-element-e1b4e30 elementor-section-height-min-height elementor-section-boxed elementor-section-height-default elementor-section-items-middle\" data-id=\"e1b4e30\" data-element_type=\"section\" data-e-type=\"section\">\n\t\t\t\t\t\t<div class=\"elementor-container elementor-column-gap-default\">\n\t\t\t\t\t<div class=\"elementor-column elementor-col-100 elementor-top-column elementor-element elementor-element-2b379000\" data-id=\"2b379000\" data-element_type=\"column\" data-e-type=\"column\">\n\t\t\t<div class=\"elementor-widget-wrap elementor-element-populated\">\n\t\t\t\t\t\t<div class=\"elementor-element elementor-element-19bfc407 elementor-widget elementor-widget-heading\" data-id=\"19bfc407\" data-element_type=\"widget\" data-e-type=\"widget\" data-widget_type=\"heading.default\">\n\t\t\t\t<div class=\"elementor-widget-container\">\n\t\t\t\t\t<h2 class=\"elementor-heading-title elementor-size-default\">Une question, une demande de devis, n'h\u00e9sitez pas \u00e0 nous contacter, AM Paysage se fera un plaisir de vous renseigner dans les meilleurs d\u00e9lais<\/h2>\t\t\t\t<\/div>\n\t\t\t\t<\/div>\n\t\t\t\t<div class=\"elementor-element elementor-element-5ba2e8b4 elementor-button-align-stretch elementor-widget elementor-widget-form\" data-id=\"5ba2e8b4\" data-element_type=\"widget\" data-e-type=\"widget\" data-settings=\"{&quot;button_width&quot;:&quot;100&quot;,&quot;step_next_label&quot;:&quot;Suivant&quot;,&quot;step_previous_label&quot;:&quot;Pr\\u00e9c\\u00e9dent&quot;,&quot;step_type&quot;:&quot;number_text&quot;,&quot;step_icon_shape&quot;:&quot;circle&quot;}\" data-widget_type=\"form.default\">\n\t\t\t\t<div class=\"elementor-widget-container\">\n\t\t\t\t\t\t\t<form class=\"elementor-form\" method=\"post\" name=\"Nouveau formulaire\" aria-label=\"Nouveau formulaire\">\n\t\t\t<input type=\"hidden\" name=\"post_id\" value=\"276\"\/>\n\t\t\t<input type=\"hidden\" name=\"form_id\" value=\"5ba2e8b4\"\/>\n\t\t\t<input type=\"hidden\" name=\"referer_title\" value=\"abri &amp; carport - AM Paysage Cappelle en P\u00e9v\u00e8le - Hauts de France\" \/>\n\n\t\t\t\t\t\t\t<input type=\"hidden\" name=\"queried_id\" value=\"276\"\/>\n\t\t\t\n\t\t\t<div class=\"elementor-form-fields-wrapper elementor-labels-\">\n\t\t\t\t\t\t\t\t<div class=\"elementor-field-type-text elementor-field-group elementor-column elementor-field-group-name elementor-col-100 elementor-field-required\">\n\t\t\t\t\t\t\t\t\t\t\t\t<label for=\"form-field-name\" class=\"elementor-field-label elementor-screen-only\">\n\t\t\t\t\t\t\t\tNom\t\t\t\t\t\t\t<\/label>\n\t\t\t\t\t\t\t\t\t\t\t\t\t\t<input size=\"1\" type=\"text\" name=\"form_fields[name]\" id=\"form-field-name\" class=\"elementor-field elementor-size-sm  elementor-field-textual\" placeholder=\"Nom\" required=\"required\">\n\t\t\t\t\t\t\t\t\t\t\t<\/div>\n\t\t\t\t\t\t\t\t<div class=\"elementor-field-type-tel elementor-field-group elementor-column elementor-field-group-field_033d426 elementor-col-100 elementor-field-required\">\n\t\t\t\t\t\t\t\t\t\t\t\t<label for=\"form-field-field_033d426\" class=\"elementor-field-label elementor-screen-only\">\n\t\t\t\t\t\t\t\tT\u00e9l.\t\t\t\t\t\t\t<\/label>\n\t\t\t\t\t\t\t\t<input size=\"1\" type=\"tel\" name=\"form_fields[field_033d426]\" id=\"form-field-field_033d426\" class=\"elementor-field elementor-size-sm  elementor-field-textual\" placeholder=\"T\u00e9l.\" required=\"required\" pattern=\"[0-9()#&amp;+*-=.]+\" title=\"Seuls les caract\u00e8res de num\u00e9ros de t\u00e9l\u00e9phone (#, -, *, etc.) sont accept\u00e9s.\">\n\n\t\t\t\t\t\t<\/div>\n\t\t\t\t\t\t\t\t<div class=\"elementor-field-type-email elementor-field-group elementor-column elementor-field-group-email elementor-col-100 elementor-field-required\">\n\t\t\t\t\t\t\t\t\t\t\t\t<label for=\"form-field-email\" class=\"elementor-field-label elementor-screen-only\">\n\t\t\t\t\t\t\t\tE-mail\t\t\t\t\t\t\t<\/label>\n\t\t\t\t\t\t\t\t\t\t\t\t\t\t<input size=\"1\" type=\"email\" name=\"form_fields[email]\" id=\"form-field-email\" class=\"elementor-field elementor-size-sm  elementor-field-textual\" placeholder=\"E-mail\" required=\"required\">\n\t\t\t\t\t\t\t\t\t\t\t<\/div>\n\t\t\t\t\t\t\t\t<div class=\"elementor-field-type-textarea elementor-field-group elementor-column elementor-field-group-message elementor-col-100 elementor-field-required\">\n\t\t\t\t\t\t\t\t\t\t\t\t<label for=\"form-field-message\" class=\"elementor-field-label elementor-screen-only\">\n\t\t\t\t\t\t\t\tMessage\t\t\t\t\t\t\t<\/label>\n\t\t\t\t\t\t<textarea class=\"elementor-field-textual elementor-field  elementor-size-sm\" name=\"form_fields[message]\" id=\"form-field-message\" rows=\"4\" placeholder=\"Message\" required=\"required\"><\/textarea>\t\t\t\t<\/div>\n\t\t\t\t\t\t\t\t<div class=\"elementor-field-group elementor-column elementor-field-type-submit elementor-col-100 e-form__buttons\">\n\t\t\t\t\t<button class=\"elementor-button elementor-size-sm\" type=\"submit\">\n\t\t\t\t\t\t<span class=\"elementor-button-content-wrapper\">\n\t\t\t\t\t\t\t\t\t\t\t\t\t\t\t\t\t\t\t\t\t\t<span class=\"elementor-button-text\">Envoyer<\/span>\n\t\t\t\t\t\t\t\t\t\t\t\t\t<\/span>\n\t\t\t\t\t<\/button>\n\t\t\t\t<\/div>\n\t\t\t<\/div>\n\t\t<\/form>\n\t\t\t\t\t\t<\/div>\n\t\t\t\t<\/div>\n\t\t\t\t\t<\/div>\n\t\t<\/div>\n\t\t\t\t\t<\/div>\n\t\t<\/section>\n\t\t\t\t<\/div>\n\t\t","protected":false},"excerpt":{"rendered":"<p>abri &#038; carport Prot\u00e9ger, mettre \u00e0 l&rsquo;abri ou en valeur : la cr\u00e9ation de votre abri ou de votre carport est unique et sur mesure. AM Paysage vous propose un \u00e9ventail de mat\u00e9riaux diff\u00e9rents pour correspondre \u00e0 vos go\u00fbts en mati\u00e8re de d\u00e9coration mais aussi pour respecter le style de votre habitation. Il n&rsquo;a jamais [&hellip;]<\/p>\n","protected":false},"author":1,"featured_media":0,"parent":0,"menu_order":0,"comment_status":"closed","ping_status":"closed","template":"elementor_header_footer","meta":{"_et_pb_use_builder":"","_et_pb_old_content":"","footnotes":""},"class_list":["post-276","page","type-page","status-publish","hentry"],"yoast_head":"<!-- This site is optimized with the Yoast SEO plugin v27.1.1 - https:\/\/yoast.com\/product\/yoast-seo-wordpress\/ -->\n<title>abri &amp; carport - AM Paysage Cappelle en P\u00e9v\u00e8le - Hauts de France<\/title>\n<meta name=\"description\" content=\"Prot\u00e9ger, mettre \u00e0 l&#039;abri ou en valeur, la cr\u00e9ation de votre abri ou de votre carport est unique et sur-mesure. AM Paysage vous propose un \u00e9ventail\" \/>\n<meta name=\"robots\" content=\"index, follow, max-snippet:-1, max-image-preview:large, max-video-preview:-1\" \/>\n<link rel=\"canonical\" href=\"https:\/\/am-paysage59.fr\/index.php\/abri-carport\/\" \/>\n<meta property=\"og:locale\" content=\"fr_FR\" \/>\n<meta property=\"og:type\" content=\"article\" \/>\n<meta property=\"og:title\" content=\"abri &amp; carport - AM Paysage Cappelle en P\u00e9v\u00e8le - Hauts de France\" \/>\n<meta property=\"og:description\" content=\"Prot\u00e9ger, mettre \u00e0 l&#039;abri ou en valeur, la cr\u00e9ation de votre abri ou de votre carport est unique et sur-mesure. AM Paysage vous propose un \u00e9ventail\" \/>\n<meta property=\"og:url\" content=\"https:\/\/am-paysage59.fr\/index.php\/abri-carport\/\" \/>\n<meta property=\"og:site_name\" content=\"AM Paysage\" \/>\n<meta property=\"article:modified_time\" content=\"2020-05-02T07:12:59+00:00\" \/>\n<meta name=\"twitter:card\" content=\"summary_large_image\" \/>\n<meta name=\"twitter:label1\" content=\"Dur\u00e9e de lecture estim\u00e9e\" \/>\n\t<meta name=\"twitter:data1\" content=\"1 minute\" \/>\n<script type=\"application\/ld+json\" class=\"yoast-schema-graph\">{\"@context\":\"https:\/\/schema.org\",\"@graph\":[{\"@type\":\"WebPage\",\"@id\":\"https:\/\/am-paysage59.fr\/index.php\/abri-carport\/\",\"url\":\"https:\/\/am-paysage59.fr\/index.php\/abri-carport\/\",\"name\":\"abri & carport - AM Paysage Cappelle en P\u00e9v\u00e8le - Hauts de France\",\"isPartOf\":{\"@id\":\"https:\/\/am-paysage59.fr\/#website\"},\"datePublished\":\"2020-04-29T07:31:14+00:00\",\"dateModified\":\"2020-05-02T07:12:59+00:00\",\"description\":\"Prot\u00e9ger, mettre \u00e0 l'abri ou en valeur, la cr\u00e9ation de votre abri ou de votre carport est unique et sur-mesure. AM Paysage vous propose un \u00e9ventail\",\"breadcrumb\":{\"@id\":\"https:\/\/am-paysage59.fr\/index.php\/abri-carport\/#breadcrumb\"},\"inLanguage\":\"fr-FR\",\"potentialAction\":[{\"@type\":\"ReadAction\",\"target\":[\"https:\/\/am-paysage59.fr\/index.php\/abri-carport\/\"]}]},{\"@type\":\"BreadcrumbList\",\"@id\":\"https:\/\/am-paysage59.fr\/index.php\/abri-carport\/#breadcrumb\",\"itemListElement\":[{\"@type\":\"ListItem\",\"position\":1,\"name\":\"Accueil\",\"item\":\"https:\/\/am-paysage59.fr\/\"},{\"@type\":\"ListItem\",\"position\":2,\"name\":\"abri &#038; carport\"}]},{\"@type\":\"WebSite\",\"@id\":\"https:\/\/am-paysage59.fr\/#website\",\"url\":\"https:\/\/am-paysage59.fr\/\",\"name\":\"AM Paysage\",\"description\":\"\",\"potentialAction\":[{\"@type\":\"SearchAction\",\"target\":{\"@type\":\"EntryPoint\",\"urlTemplate\":\"https:\/\/am-paysage59.fr\/?s={search_term_string}\"},\"query-input\":{\"@type\":\"PropertyValueSpecification\",\"valueRequired\":true,\"valueName\":\"search_term_string\"}}],\"inLanguage\":\"fr-FR\"}]}<\/script>\n<!-- \/ Yoast SEO plugin. -->","yoast_head_json":{"title":"abri & carport - AM Paysage Cappelle en P\u00e9v\u00e8le - Hauts de France","description":"Prot\u00e9ger, mettre \u00e0 l'abri ou en valeur, la cr\u00e9ation de votre abri ou de votre carport est unique et sur-mesure. AM Paysage vous propose un \u00e9ventail","robots":{"index":"index","follow":"follow","max-snippet":"max-snippet:-1","max-image-preview":"max-image-preview:large","max-video-preview":"max-video-preview:-1"},"canonical":"https:\/\/am-paysage59.fr\/index.php\/abri-carport\/","og_locale":"fr_FR","og_type":"article","og_title":"abri & carport - AM Paysage Cappelle en P\u00e9v\u00e8le - Hauts de France","og_description":"Prot\u00e9ger, mettre \u00e0 l'abri ou en valeur, la cr\u00e9ation de votre abri ou de votre carport est unique et sur-mesure. AM Paysage vous propose un \u00e9ventail","og_url":"https:\/\/am-paysage59.fr\/index.php\/abri-carport\/","og_site_name":"AM Paysage","article_modified_time":"2020-05-02T07:12:59+00:00","twitter_card":"summary_large_image","twitter_misc":{"Dur\u00e9e de lecture estim\u00e9e":"1 minute"},"schema":{"@context":"https:\/\/schema.org","@graph":[{"@type":"WebPage","@id":"https:\/\/am-paysage59.fr\/index.php\/abri-carport\/","url":"https:\/\/am-paysage59.fr\/index.php\/abri-carport\/","name":"abri & carport - AM Paysage Cappelle en P\u00e9v\u00e8le - Hauts de France","isPartOf":{"@id":"https:\/\/am-paysage59.fr\/#website"},"datePublished":"2020-04-29T07:31:14+00:00","dateModified":"2020-05-02T07:12:59+00:00","description":"Prot\u00e9ger, mettre \u00e0 l'abri ou en valeur, la cr\u00e9ation de votre abri ou de votre carport est unique et sur-mesure. AM Paysage vous propose un \u00e9ventail","breadcrumb":{"@id":"https:\/\/am-paysage59.fr\/index.php\/abri-carport\/#breadcrumb"},"inLanguage":"fr-FR","potentialAction":[{"@type":"ReadAction","target":["https:\/\/am-paysage59.fr\/index.php\/abri-carport\/"]}]},{"@type":"BreadcrumbList","@id":"https:\/\/am-paysage59.fr\/index.php\/abri-carport\/#breadcrumb","itemListElement":[{"@type":"ListItem","position":1,"name":"Accueil","item":"https:\/\/am-paysage59.fr\/"},{"@type":"ListItem","position":2,"name":"abri &#038; carport"}]},{"@type":"WebSite","@id":"https:\/\/am-paysage59.fr\/#website","url":"https:\/\/am-paysage59.fr\/","name":"AM Paysage","description":"","potentialAction":[{"@type":"SearchAction","target":{"@type":"EntryPoint","urlTemplate":"https:\/\/am-paysage59.fr\/?s={search_term_string}"},"query-input":{"@type":"PropertyValueSpecification","valueRequired":true,"valueName":"search_term_string"}}],"inLanguage":"fr-FR"}]}},"_links":{"self":[{"href":"https:\/\/am-paysage59.fr\/index.php\/wp-json\/wp\/v2\/pages\/276","targetHints":{"allow":["GET"]}}],"collection":[{"href":"https:\/\/am-paysage59.fr\/index.php\/wp-json\/wp\/v2\/pages"}],"about":[{"href":"https:\/\/am-paysage59.fr\/index.php\/wp-json\/wp\/v2\/types\/page"}],"author":[{"embeddable":true,"href":"https:\/\/am-paysage59.fr\/index.php\/wp-json\/wp\/v2\/users\/1"}],"replies":[{"embeddable":true,"href":"https:\/\/am-paysage59.fr\/index.php\/wp-json\/wp\/v2\/comments?post=276"}],"version-history":[{"count":25,"href":"https:\/\/am-paysage59.fr\/index.php\/wp-json\/wp\/v2\/pages\/276\/revisions"}],"predecessor-version":[{"id":787,"href":"https:\/\/am-paysage59.fr\/index.php\/wp-json\/wp\/v2\/pages\/276\/revisions\/787"}],"wp:attachment":[{"href":"https:\/\/am-paysage59.fr\/index.php\/wp-json\/wp\/v2\/media?parent=276"}],"curies":[{"name":"wp","href":"https:\/\/api.w.org\/{rel}","templated":true}]}}